mainder when l is divided by 15?
13
Calculate the remainder when -1*(-73)/1 + 2 is divided by (-16 + -1)/((-35343)/12474).
3
Let v(q) = 11*q - 116. Let r be v(13). Suppose 521*f - 512*f - r = 0. Calculate the remainder when 11 is divided by f.
2
Let g = 1226 - 419. What is the remainder when 50/(-40) + g/12 is divided by 18?
12
Suppose -149*p - 110 = -160*p. Calculate the remainder when 2648 is divided by p.
8
Suppose -18 = -5*j - 4*q + 18, 0 = -4*j + 5*q + 37. Let h = 710 - 707. What is the remainder when (-6*(-6)/108)/(h/279) is divided by j?
7
Suppose -39573 = -794*n + 785*n. What is the remainder when n is divided by 25?
22
Let x(d) = d**2 - 60*d + 867. Let y be 4/3*12/8. What is the remainder when x(43) is divided by (-570)/(-25) + y/10?
21
Let c = -65 + 67. Suppose 5*j = f + 20, -5*j = -j + c*f - 2. Suppose 0 = -3*o - 2*m + 11, o + m + 5 = j*o. What is the remainder when 17 is divided by o?
2
Let f = 133 - 126. What is the remainder when 50 is divided by 1/(f/714*6)?
16
What is the remainder when 134 is divided by (1044/(-90))/((-10)/25)?
18
Calculate the remainder when 1842 is divided by (5 + -15)*((-45)/10 + 0).
42
Calculate the remainder when 2774 - -6*(5 + (-22)/4) is divided by 553.
6
Suppose x - 5*x = -40. Let v(y) = -9*y - 56. Let h be v(-8). Suppose -h*k = -24*k + 312. Calculate the remainder when k is divided by x.
9
Let s = 14354 + -14311. What is the remainder when 2272 is divided by s?
36
Let v be 27/(2/11 + (-108)/(-132)). Calculate the remainder when 145 is divided by v/(-45) - 496/(-10).
47
What is the remainder when (0 - (-11)/22)*3034 is divided by 40?
37
Let o = 776 - 654. Suppose -19*v + 49 = -o. Calculate the remainder when 59 is divided by v.
5
Suppose 0*x + x - 6 = 0. Suppose -5*n = 2*n - 392. Suppose -3*a = -n + 32. Calculate the remainder when a is divided by x.
2
Let n = -154 - -157. Suppose -1285*v = -1286*v + n. Calculate the remainder when 197 is divided by v.
2
Let v(b) = -662*b - 3288. Calculate the remainder when v(-8) is divided by 134.
132
Let v(c) be the third derivative of c**6/120 + 19*c**5/60 + 7*c**4/12 - 17*c**3 + 91*c**2. What is the remainder when v(-17) is divided by 16?
14
Let v(w) = -3*w**3 + 5*w**2 - 15*w - 57. What is the remainder when v(-7) is divided by 272?
234
Suppose 14*n + 4*u = 11*n + 1580, 0 = 2*n + 4*u - 1060. Calculate the remainder when n is divided by 138.
106
Let h(u) = 23*u - 18. Let c be h(6). Suppose -176 - c = -8*a. Suppose -2*x + 200 - 54 = 0. What is the remainder when x is divided by a?
36
Let x = -193 + 195. Suppose 0 = x*u - 29 + 3. Calculate the remainder when 36 is divided by u.
10
Let h(o) = 2*o**2 - 5*o - 2. Let l be h(-1). Suppose 3*n - 167 = -l*c, 3*n - 63 = 4*c - 175. Calculate the remainder when c is divided by 11.
9
Let l be 1/((-39)/(-52)*(-4)/(-306)). Suppose 8*y + l - 478 = 0. Calculate the remainder when 326 is divided by y.
44
Let b(j) = 71*j**2 - 2*j - 1. Let h be 2/11 + 22412/(-572). Let k = -7 - h. Calculate the remainder when b(-2) is divided by k.
31
Let r = 43 - 13. Let b(d) = 21*d**3 + d + 2. Let z be b(-1). What is the remainder when r is divided by 54/6 - z/(-4)?
2
Let x = 126 + -69. Let k be (-8275)/(-95) - 6/x. Suppose 116 = 3*w - 4*g, k = 4*w - 3*g - 56. What is the remainder when 255 is divided by w?
31
Let w = -197 - -189. Calculate the remainder when 113 is divided by (3 - w/(-4))*29.
26
Calculate the remainder when 1512/(-336) + (-1111)/(-2) is divided by 95.
76
Suppose -23*f = -22*f - 8. Suppose -3*y + 28 = -4*k, -y = -k - 0*k - f. What is the remainder when 1 + 15/10*y is divided by 5?
2
Let f = 41 + 18. Let k = f - 41. Let c = 25 - k. Calculate the remainder when 27 is divided by c.
6
Let m = -123 - -125. Suppose 171 = -m*a + 11*a. What is the remainder when 86 is divided by a?
10
Suppose 0 = -4*z + b + 176, -43 = -z + 2*b + 8. Calculate the remainder when 78 is divided by z.
35
Let l(f) = -4*f**3 + 6*f**2 + 22*f - 20. Calculate the remainder when l(-5) is divided by 106.
96
Let x = 7530 - 7497. Suppose 93 + 39 = 4*h. Calculate the remainder when h is divided by x.
0
Suppose -22*d = -25*d + 6. Suppose 0*h = -4*h - 4*j + 28, 0 = -3*h + d*j + 6. Calculate the remainder when 369/6*h/6*1 is divided by 23.
18
Let t(f) = -595*f + 2513. Calculate the remainder when t(0) is divided by 70.
63
Let n = 26 - -10. What is the remainder when (-48)/(-12) + 290/(-30)*-9 is divided by n?
19
What is the remainder when 59035/(-5)*(-4 + 3) is divided by 82?
81
Let n(p) = -p**2 + 15*p - 13. Let a be (11 - -3) + -2 - -1. What is the remainder when n(a) is divided by 8?
5
Suppose 0 = 3*m + v + 65 - 286, -4*m + 2*v + 288 = 0. Suppose -49 = -4*n + c, 4*n - 5*c - 43 = -2*c. Calculate the remainder when m is divided by n.
8
Let c = 3069 - 3058. What is the remainder when 2383 is divided by c?
7
Suppose -4*h + 172 = 4*z, -7 = -h + 7*z + 60. What is the remainder when 1563 is divided by h?
45
Suppose 5*o + 1881 = -176*j + 183*j, 3*j - 795 = 4*o. Calculate the remainder when 3548 is divided by j.
272
Suppose -d - 4*x + 66 = 0, 2*d - 4*x - 74 = 34. Calculate the remainder when 196 is divided by d.
22
Calculate the remainder when (-9615)/(-25)*(-650)/(-390) is divided by 609.
32
Let q = 73306 - 73290. Suppose 4*z - 361 = 91. Calculate the remainder when z is divided by q.
1
Let s be 8896/(-28) - (-4)/(-14). Let j = 144 + s. What is the remainder when 34 is divided by 2*j/(-48) + (-1)/4?
6
Let r(i) = -2*i**3 + 13*i + 12. Let f = 361 + -341. Calculate the remainder when r(-5) is divided by f.
17
What is the remainder when (10/(-105) - 130/(-42)) + (-614)/(-2) is divided by 33?
13
What is the remainder when (3 + -5 + 146)*-7*954/(-252) is divided by 166?
164
Suppose -7 + 2 = -z. Suppose -3*s = -z*x - 199, -5*s + 4*x = -138 - 172. Calculate the remainder when 114 is divided by s.
56
Let d(f) = f**3 + 8*f**2 + 6*f + 5. Let j = -39 + 32. Let c be d(j). Let q = c + 7. Calculate the remainder when q is divided by 11.
8
Let l(o) be the second derivative of 5*o**4/12 - 39*o**3/2 - 16*o**2 + 73*o. Let h = 10 + 4. What is the remainder when l(24) is divided by h?
12
Let x be (-7)/((-28)/(-120))*128/24. Let z = x + 197. Calculate the remainder when 180 is divided by z.
32
Suppose -5*q - v + 434 = 0, -2*q - 2*v = 2*v - 188. Let z = q - 9. What is the remainder when z is divided by 40?
37
Let y(i) = 20*i**3 - 2*i**2 + i + 8. Let g be y(-2). Calculate the remainder when 5*(-17)/((-1)/1) is divided by (-4)/(-18) - 3528/g.
19
Suppose 0 = 2*z - 10, -2*k + z + 250 = -455. What is the remainder when 394 is divided by k?
39
Let s = 964 + -852. What is the remainder when 1012 is divided by s?
4
Let s = -37 - -43. Suppose s*r - 10*r = -744. Suppose 6 = -10*m + r. What is the remainder when 70 is divided by m?
16
Suppose 4*m - 92 = 4*r, 10*r = -3*m + 14*r + 74. What is the remainder when 201 is divided by ((-1)/(6/m))/(6/(-82))?
37
Suppose -216 = 9*h - 15*h. Suppose 3*n = 765 - 300. Calculate the remainder when n is divided by 1*(0 + h - (3 + -6)).
38
Let z(r) = -9*r**2 + 39*r + 326. Let j(y) = 2*y**2 - 8*y - 65. Let d(p) = 11*j(p) + 2*z(p). Calculate the remainder when d(-4) is divided by 35.
6
Let r = 12 - 10. Suppose r*a - 7*a - 4*f = -40, -4*f = -20. What is the remainder when 27 is divided by (-42)/9*(-6)/a?
6
Suppose 5*x = 3*x + 82. Calculate the remainder when x is divided by 1/5 + (-702)/(-65).
8
Let t(c) be the second derivative of 7*c**4/12 + 13*c**3/6 + 14*c**2 - c + 68. Calculate the remainder when t(-6) is divided by 23.
18
Calculate the remainder when 112 is divided by 2 - (-1572)/28 - (20/(-7) - -2).
53
Suppose -f - 3*f - o = -88, 4*f = -3*o + 88. Suppose -f*n + 725 = 7*n. Calculate the remainder when n is divided by 6.
1
Let q(m) = -2*m**2 + 27*m + 21. Let h(y) = 5*y**2 - 79*y - 63. Let s(v) = 4*h(v) + 11*q(v). Calculate the remainder when s(-7) is divided by 8.
6
Suppose -3*w = 5*d - 34, -w + 27 = 3*d + 5. Let r = d - 5. Suppose 0*j + 45 = r*j. What is the remainder when 44 is divided by j?
14
Let l(y) = 42*y + 1. Suppose 0 = 4*g - 2*g + 2*r - 30, -5*r + 25 = 0. Suppose -g = 5*t - 65. What is the remainder when l(1) is divided by t?
10
Let v(k) = 3*k**2 + 3*k - 2. Let l be v(1). Suppose l*m + 21 = p - 100, 119 = p - 3*m. What is the remainder when p is divided by 39?
35
S